tiple of 58?
False
Is 23940 a multiple of 15?
True
Is 11 a factor of 170729?
False
Does 110 divide 92950?
True
Is 138378 a multiple of 192?
False
Is 319 a factor of 329846?
True
Is 47 a factor of 484231?
False
Does 111 divide 564208?
False
Is 11995 a multiple of 4?
False
Is 19 a factor of 6693456?
False
Does 36 divide 23354680?
False
Is 234576 a multiple of 36?
True
Is 372008 a multiple of 53?
False
Does 12 divide 131208?
True
Is 155404 a multiple of 91?
False
Does 166 divide 1085684?
False
Does 607 divide 3380723?
False
Does 7 divide 19481945?
True
Does 110 divide 1017610?
True
Does 6 divide 13351?
False
Is 182735 a multiple of 23?
True
Does 47 divide 882980?
False
Is 48367 a multiple of 4?
False
Is 7 a factor of 254863?
True
Does 3 divide 3486274?
False
Is 4889346 a multiple of 7?
True
Does 9 divide 1133414?
False
Is 14 a factor of 3347148?
True
Does 27 divide 145341?
True
Is 1412308 a multiple of 29?
False
Does 8 divide 178267?
False
Is 121 a factor of 59169?
True
Is 17 a factor of 4210730?
True
Is 3662053 a multiple of 21?
False
Is 2800098 a multiple of 15?
False
Does 496 divide 4082576?
True
Is 49 a factor of 292001?
False
Is 322276 a multiple of 46?
True
Is 520598 a multiple of 386?
False
Is 75 a factor of 373200?
True
Is 49104 a multiple of 64?
False
Does 153 divide 2981817?
True
Is 48 a factor of 670659?
False
Is 196552 a multiple of 307?
False
Does 36 divide 45649?
False
Is 58 a factor of 1882042?
True
Does 27 divide 372297?
False
Is 33 a factor of 275946?
True
Is 27 a factor of 732915?
True
Is 139 a factor of 616048?
True
Is 5452308 a multiple of 354?
True
Is 3 a factor of 165704?
False
Does 26 divide 17784?
True
Is 702144 a multiple of 64?
True
Is 74266 a multiple of 677?
False
Is 5 a factor of 2833884?
False
Is 32 a factor of 119680?
True
Is 25 a factor of 142382?
False
Does 16 divide 42529?
False
Does 46 divide 1156747?
False
Is 316450 a multiple of 5?
True
Does 16 divide 326016?
True
Is 401 a factor of 6118155?
False
Is 503 a factor of 375522?
False
Is 783153 a multiple of 31?
True
Is 2 a factor of 2493801?
False
Is 72801 a multiple of 9?
True
Does 16 divide 32688?
True
Does 406 divide 495320?
True
Is 46448 a multiple of 16?
True
Does 5 divide 127816?
False
Is 11174708 a multiple of 12?
False
Is 1277 a factor of 6036719?
False
Is 13022029 a multiple of 651?
False
Does 23 divide 12538659?
False
Is 143681 a multiple of 3?
False
Does 170 divide 16842639?
False
Is 6 a factor of 18773?
False
Is 6638314 a multiple of 10?
False
Is 1073745 a multiple of 223?
True
Is 1792302 a multiple of 13?
False
Is 21532469 a multiple of 53?
True
Is 6984 a multiple of 252?
False
Is 22719 a multiple of 63?
False
Does 34 divide 179146?
True
Is 1586084 a multiple of 91?
False
Does 222 divide 267816?
False
Does 651 divide 317037?
True
Is 15 a factor of 1148295?
True
Is 307 a factor of 337785?
False
Is 14 a factor of 6562962?
True
Is 34 a factor of 2509819?
False
Is 27769447 a multiple of 14?
False
Does 4 divide 40688?
True
Is 13 a factor of 4635912?
False
Is 747048 a multiple of 21?
False
Does 62 divide 93128?
False
Does 301 divide 2249?
False
Does 208 divide 4076176?
True
Is 4333164 a multiple of 374?
True
Does 2 divide 30572?
True
Is 1977 a factor of 1231327?
False
Is 145 a factor of 16095?
True
Is 14 a factor of 171300?
False
Does 27 divide 115371?
True
Is 31956062 a multiple of 64?
False
Does 321 divide 409917?
True
Does 1084 divide 17070832?
True
Does 23 divide 380961?
False
Is 3377133 a multiple of 723?
True
Is 4 a factor of 4116972?
True
Is 24 a factor of 3278362?
False
Is 20 a factor of 298244?
False
Does 1725 divide 17463683?
False
Does 66 divide 255861?
False
Does 82 divide 629432?
True
Is 66052 a multiple of 158?
False
Does 101 divide 1346229?
True
Is 421630 a multiple of 24?
False
Is 768992 a multiple of 517?
False
Is 28 a factor of 38433?
False
Is 163 a factor of 316546?
True
Is 3261065 a multiple of 5?
True
Is 9492722 a multiple of 32?
False
Does 9 divide 1173375?
True
Does 187 divide 5098929?
True
Does 4 divide 23172?
True
Is 674 a factor of 1755096?
True
Does 16 divide 2455475?
False
Is 188 a factor of 251995?
False
Does 135 divide 288611?
False
Is 3488856 a multiple of 19?
True
Is 43 a factor of 1582144?
False
Is 109 a factor of 216751?
False
Is 87683 a multiple of 101?
False
Is 2309535 a multiple of 12?
False
Is 191549 a multiple of 56?
False
Is 1791076 a multiple of 658?
True
Is 10 a factor of 269421?
False
Does 25 divide 148600?
True
Is 24 a factor of 259968?
True
Is 360693 a multiple of 9?
True
Is 23290 a multiple of 14?
False
Does 14 divide 272412?
True
Is 174501 a multiple of 9?
True
Is 21 a factor of 1134?
True
Does 46 divide 126500?
True
Is 273227 a multiple of 9?
False
Is 150 a factor of 43213?
False
Is 16 a factor of 208?
True
Is 4629900 a multiple of 138?
True
Does 97 divide 51518?
False
Does 13 divide 504?
False
Does 29 divide 3328632?
False
Does 55 divide 5897870?
True
Is 79972 a multiple of 460?
False
Does 347 divide 469038?
False
Is 10 a factor of 122874?
False
Is 34 a factor of 2492438?
True
Is 117 a factor of 13070655?
True
Is 657840 a multiple of 777?
False
Is 607662 a multiple of 341?
True
Is 13 a factor of 20108416?
False
Does 188 divide 356925?
False
Is 563870 a multiple of 113?
True
Is 496210 a multiple of 28?
False
Does 53 divide 173173?
False
Is 37 a factor of 98161?
True
Is 5 a factor of 1503927?
False
Is 286421 a multiple of 101?
False
Is 208050 a multiple of 50?
True
Is 1392301 a multiple of 11?
False
Is 922 a factor of 922922?
True
Does 32 divide 54976?
True
Is 31 a factor of 449142?
False
Is 26 a factor of 1314248?
True
Is 83328 a multiple of 21?
True
Does 191 divide 374642?
False
Is 743524 a multiple of 21?
False
Is 500 a factor of 1408342?
False
Does 103 divide 2582961?
False
Is 169 a factor of 575186?
False
Does 47 divide 690394?
False
Does 1002 divide 1949892?
True
Is 148090 a multiple of 59?
True
Is 255714 a multiple of 109?
True
Is 51 a factor of 24463?
False
Does 18 divide 5094?
True
Is 13 a factor of 6714889?
False
Does 610 divide 11881410?
False
Is 368781 a multiple of 12?
False
Is 14 a factor of 17617745?
False
Is 104 a factor of 345800?
True
Is 16 a factor of 119552?
True
Does 245 divide 166425?
False
Does 16 divide 302944?
True
Is 5 a factor of 125185?
True
Is 248657 a multiple of 523?
False
Is 914 a factor of 2742?
True
Is 1647120 a multiple of 40?
True
Is 4945602 a multiple of 244?
False
Is 37 a factor of 9740583?
True
Is 17600 a multiple of 25?
True
Is 20 a factor of 44344?
False
Does 16 divide 274576?
True
Is 182 a factor of 2097186?
True
Is 76 a factor of 11914702?
False
Is 192980 a multiple of 20?
True
Does 113 divide 207911?
False
Is 50 a factor of 143800?
True
Is 2104295 a multiple of 87?
False
Is 112 a factor of 133392?
True
Is 82 a factor of 368918?
True
Is 43 a factor of 16733449?
False
Is 2313 a multiple of 147?
False
Does 12 divide 256872?
True
Is 102270 a multiple of 7?
True
Is 920554 a multiple of 1039?
True
Is 2517255 a multiple of 585?
True
Is 73770 a multiple of 5?
True
Is 611 a factor of 1725492?
False
Is 612557 a multiple of 233?
True
Is 4412128 a multiple of 224?
True
Is 7349 a multiple of 3?
False
Is 2051595 a multiple of 173?
False
Is 68996 a multiple of 188?
True
Does 375 divide 3384101?
False
Does 770 divide 261955?
False
Does 45 divide 17505?
True
Is 18320 a multiple of 27?
False
Is 90 a factor of 1074420?
True
Is 7 a factor of 1778392?
True
Is 5 a factor of 120?
True
Is 55 a factor of 75735?
True
Does 342 divide 916482?
False
Is 217863 a multiple of 27?
True
Is 190 a factor of 20666?
False
Is 107 a factor of 35223?
False
Is 3337807 a multiple of 649?
True
Is 93744 a multiple of 144?
True
Is 35 a factor of 50190?
True
Does 41 divide 38952?
False
Is 196498 a multiple of 3?
False
Is 72 a factor of 75384?
True
Is 532650 a multiple of 6?
True
Does 125 divide 213811?
False
Is 90 a factor of 650568?
False
Is 302 a factor of 16143270?
False
Does 33 divide 1320940?
False
Does 26 divide 50871?
False
Is 244903 a multiple of 58?
False
Is 6 a factor of 144878?
False
Is 42017 a multiple of 98?
False
Does 227 divide 640140?
True
Is 5265468 a multiple of 9?
True
Does 25 divide 62404?
False
Is 18 a factor of 45684?
True
Is 22 a factor of 714379?
False
Is 2508408 a multiple of 158?
Tru